 = -2 - 14. What is the greatest common factor of u and z?
4
Let x = -12 - -19. Calculate the greatest common divisor of x and 35.
7
Let j = 5 + 0. Suppose -183 = -j*u + 167. Let a(y) = y**2 - 4*y + 9. Let o be a(5). Calculate the highest common factor of u and o.
14
Let l(c) = 12*c**2 + 2*c + 7. Let w be l(6). Suppose -319 - w = -5*k. Calculate the highest common factor of 14 and k.
14
Let p = -2 + 8. Let n = p + 12. Suppose 0 = -4*c - 13 + 61. Calculate the highest common factor of c and n.
6
Suppose 0 = 2*y - 40 - 8. Let t be ((-30)/(-24))/(3/y). What is the greatest common factor of 4 and t?
2
Let d = -24 - -43. What is the greatest common factor of d and 133?
19
Let x(a) = -9*a - 3. Let u be x(-3). Suppose 3*d + 17 = -76. Let c = -19 - d. What is the greatest common divisor of u and c?
12
Let u(v) = -v**3 + 7*v**2 + 9*v + 3. Let d be u(8). What is the greatest common factor of 110 and d?
11
Let i(d) = d**3 - 9*d**2 - 10*d + 3. Let r be i(10). Suppose n + 0*s + s = 22, 90 = r*n - 3*s. Calculate the greatest common factor of n and 13.
13
Let s be 5/(-3)*36/(-2). Suppose z - 14 - s = 0. Let j = 27 - 23. What is the greatest common divisor of z and j?
4
Let n = -1 + 2. Let x = n + 2. Let v = 6 - x. What is the greatest common divisor of 3 and v?
3
Let v(i) = i**2 - 9. Let p(q) = q**2 + q - 10. Let d(y) = -3*p(y) + 4*v(y). Let m be d(6). Calculate the highest common divisor of m and 132.
12
Let p(d) = d**2 + 4. Let t be p(0). Suppose 2*a - 4*v = t, v + v + 2 = 5*a. Let b be 1/(-3)*(a - 9). Calculate the highest common divisor of b and 21.
3
Let c be 56 - 20/5 - (2 + -2). What is the highest common factor of 39 and c?
13
Suppose 5*v = 5*n, -3*n = 3*v - 20 - 4. Calculate the greatest common factor of 20 and v.
4
Suppose -21 = -3*b + 2*p, -b - p + 4 + 3 = 0. Let h be 6/8 + (-745)/(-20). Let g = h + -24. What is the greatest common divisor of b and g?
7
Let d(l) = 2*l**3 - l**2 - 2*l - 1. Let p be d(-1). Let y be (-10)/p + 4 + -3. Let b be 50/(1 - 0) + -2. What is the highest common factor of b and y?
6
Suppose -o - 4*u + 4 = 0, 3*o - 8 = -4*u + 28. Suppose -p = -19 - o. What is the greatest common factor of p and 7?
7
Let d be ((-4)/3)/((-8)/18). Suppose -360 = -2*c - d*c. Calculate the greatest common divisor of c and 18.
18
Suppose 3*c = 6, -3*q + 6 = 2*c - 4. What is the greatest common divisor of q and 2?
2
Let q = 16 - 10. Let d = -23 + 0. Let y = -14 - d. Calculate the greatest common divisor of q and y.
3
Let y(t) = 21*t + 12. Let m be y(11). What is the highest common factor of 27 and m?
27
Let l(y) = 2*y**2 + y + 2. Let d be l(2). Calculate the greatest common divisor of d and 132.
12
Let p be (35/(-5))/((-1)/(-7)). Let g = p + 203. Calculate the highest common divisor of 14 and g.
14
Let r(a) = -a**3 + 10*a**2 - 2*a + 13. Let g be r(7). Let f be (-9)/(-2)*1*52. Let o = f - g. Calculate the highest common divisor of o and 11.
11
Let n(h) = -6*h - 103. Let u be n(-26). What is the greatest common factor of 583 and u?
53
Let d = 10 - -4. Calculate the highest common divisor of 70 and d.
14
Let w(m) = m**3 + 2*m**2 + 2*m + 1. Let q be w(-2). Let h be q/(-5) + (-1434)/(-10). What is the greatest common divisor of h and 16?
16
Suppose 3*n = -17 - 10. Let v = 28 + n. Calculate the highest common divisor of v and 133.
19
Suppose -3*a + 2*k + 28 = 0, k + 0*k = 2*a - 20. Suppose -x + 3*o = x - a, 64 = 5*x + o. Calculate the highest common factor of 96 and x.
12
Let o = -66 + 67. Calculate the highest common divisor of o and 7.
1
Let r = 126 + -117. Let y(m) = m**3 + 6*m**2 - m - 3. Suppose 2*j = -5*d - 9, 3*d + 4*j = 4 - 1. Let h be y(d). Calculate the highest common factor of r and h.
9
Let n be 4/(2/(-102)*-6) - -4. Calculate the highest common divisor of n and 342.
38
Let m(r) = r + 64. Let n be m(0). Let y be (108/(-45))/((-6)/20). Calculate the greatest common divisor of y and n.
8
Let i = -5 - -1. Let x(h) = h**2 + 3*h + 2. Let n be x(i). What is the highest common divisor of 6 and n?
6
Let r(z) = 8*z**2 - 4*z + 18. Let j be r(5). Calculate the highest common divisor of j and 18.
18
Suppose x - n = -3, 0*x + 2*x - 15 = -5*n. Suppose 0*d + 5*d - 20 = x. Suppose 2*c - 68 - d = 0. Calculate the highest common factor of c and 9.
9
Suppose 3*q - 13 - 5 = 0. Calculate the greatest common divisor of q and 66.
6
Suppose -5*q + 45 = -5*z, -3*z + 3 = q - z. What is the greatest common factor of q and 49?
7
Suppose -5*n = 3*o - 1312, 0*n - 1320 = -5*n + 5*o. Suppose -2*u = -n - 111. What is the highest common divisor of 17 and u?
17
Let r be (33/(-6) + -4)/((-1)/4). Calculate the highest common factor of 57 and r.
19
Suppose 0 = 3*o + 2 - 32. Let c be 145/o - 6/(-4). Suppose 0 = -5*t - 0*k + k + 20, -4*t - 2*k + c = 0. What is the greatest common divisor of 8 and t?
4
Suppose 0 = 6*l - 11*l + 135. Suppose 25 = 2*h + 3*x - 2, h - 3*x = l. What is the highest common divisor of 45 and h?
9
Suppose -3*u - u = -2*z - 16, -10 = -2*u. Let v(c) = c + 9. Let s be v(-8). Calculate the greatest common divisor of z and s.
1
Suppose 3*b + 3*g - 15 = 6, 4*g = b + 8. Calculate the highest common divisor of b and 2.
2
Let m(s) = -s + 1. Let p(h) = -15*h + 4. Let k(z) = 3*m(z) - p(z). Let i be k(5). Let o = 84 - i. Calculate the highest common factor of 10 and o.
5
Suppose -4*l = 3*g - 1, -l = -3*l + 2*g + 18. Suppose 4*o - 8 = 4*r - 3*r, l*r - 5*o = 1. Let x = 8 + r. Calculate the highest common divisor of 18 and x.
6
Suppose 2*y - 5*y + 36 = 0. Let g = 8 + -4. Calculate the greatest common factor of y and g.
4
Suppose -6 = -2*s + y, -5*s + 0*y + 33 = 2*y. Calculate the highest common factor of s and 15.
5
Suppose -80 = -o + 2*p, 2*p = p. Let g be 2/(-2)*(0 + 15). Let t be (-188)/(-6) + (-10)/g. What is the highest common divisor of o and t?
16
Let y = -44 - -45. Let x = 2 - 0. What is the greatest common divisor of x and y?
1
Suppose 140 = 2*x + 2*x - 4*v, 4*v + 110 = 3*x. Let f be (-2)/3 + 282/18. What is the highest common factor of f and x?
15
Suppose 918 = 5*u - 2*f - 2*f, -5*u - 2*f = -936. Suppose -x + u = 5*w, 0 = 4*w + 3*x + 28 - 168. What is the greatest common factor of 57 and w?
19
Let j(q) = -q**3 + 2*q**2 + q - 2. Let f = 8 - 6. Suppose 3*h = 4*h + f. Let u be j(h). Calculate the highest common factor of 60 and u.
12
Let w be 2/(-5) + 119/35. Suppose 2*f - f + w*g - 13 = 0, 0 = 3*f + 4*g - 54. What is the highest common divisor of 33 and f?
11
Let u(w) = w**3 + w**2 + w + 38. Let t be u(0). What is the greatest common factor of 57 and t?
19
Let a be 12*(-1 + 2) - 2. What is the greatest common divisor of a and 20?
10
Suppose -2*q + 38 = 3*f, -5*q + 17 = 4*f - 36. Calculate the greatest common divisor of f and 12.
12
Suppose 11 = 5*t - 3*i - 0, 23 = 5*t + i. Let d(c) = 2*c - 2. Let x be d(t). Let h be 2/(-3) + 16/6. Calculate the highest common divisor of x and h.
2
Suppose 2*r + 3*p = 29, -p - 3 = -r - 1. What is the highest common factor of r and 49?
7
Let h(y) be the first derivative of -1/3*y**3 - 7/2*y**2 + 0*y - 1. Let c be h(-3). Calculate the greatest common factor of 108 and c.
12
Suppose 3*m = -m + 3*p + 56, 4*m = -4*p + 56. Suppose 2*d - o = 41, d + o = -0*d + 22. What is the highest common factor of d and m?
7
Suppose 4*i + 42 = 2*v, 2*v + 2*i - 7*i - 39 = 0. Let t = -15 + v. Calculate the highest common divisor of 48 and t.
12
Let g(b) = 4*b + 12. Let k be g(9). What is the greatest common factor of 72 and k?
24
Suppose f = -0 + 1. Let j(i) = 17*i**2 + 2*i - 1. Let l be j(f). What is the highest common divisor of l and 90?
18
Let j(b) = -b**2 + 9*b - 6. Let g be j(7). What is the highest common factor of 2 and g?
2
Suppose -3*j = 3*k - 99, 0*j - 4*k = j - 33. Suppose 2*r - j = -r. What is the greatest common factor of 33 and r?
11
Let x be (-5)/((2 + -4)/6). Suppose 5 = 2*y - p + 1, 4*p = 8. Suppose 25 = 5*d, 2*n - y*d = -2*d + 5. Calculate the greatest common factor of n and x.
5
Let d(p) = 2*p**2 + 2*p + 9. Let k be d(0). What is the highest common divisor of 3 and k?
3
Let q(h) = -h**3 - 2*h**2 + 6*h - 2. Let x be q(8). Let l be 2/5 - x/15. Let f be ((-9)/(-15))/(4/l). What is the greatest common divisor of 54 and f?
6
Suppose -5*f + 0 + 5 = 0. What is the greatest common factor of 8 and f?
1
Let u be (-3)/(2 + (-52)/20). What is the